{"id":748,"date":"2016-03-10T18:52:12","date_gmt":"2016-03-10T18:52:12","guid":{"rendered":"https:\/\/default.houzez.co\/?page_id=748"},"modified":"2021-07-06T21:55:40","modified_gmt":"2021-07-06T21:55:40","slug":"privacy","status":"publish","type":"page","link":"https:\/\/cle.com.co\/portal\/privacy\/","title":{"rendered":"Protecci\u00f3n de datos personales"},"content":{"rendered":"<ol>\n<li><strong>Protecci\u00f3n de Datos Personales <\/strong><\/li>\n<\/ol>\n<p>El USUARIO autoriza de manera previa, expresa e informada a DATA INTELIGENTE S.A.S. para el Tratamiento sobre sus datos personales, as\u00ed como la recepci\u00f3n de informaci\u00f3n comercial asociada o relacionada con el objeto social de DATA INTELIGENTE S.A.S., entendido como cualquier informaci\u00f3n vinculada o que pueda asociarse al USUARIO (los \u201cDatos Personales\u201d) para el cumplimiento de las obligaciones derivadas de las presentes condiciones generales, El USUARIO conoce el car\u00e1cter facultativo de entregar o no a DATA INTELIGENTE S.A.S. sus datos sensibles.<\/p>\n<p>Los datos personales se refieren a cualquier informaci\u00f3n que se relaciona con usted como individuo y con la que puede identificarse, ya sea directa o indirectamente. Esto incluye, por ejemplo, informaci\u00f3n sobre su nombre, direcci\u00f3n, fecha de nacimiento y ocupaci\u00f3n.<\/p>\n<p><u>Informaci\u00f3n que usted proporciona voluntariamente<\/u><\/p>\n<p>Ciertas partes de nuestros sitios web pueden solicitarle que proporcione datos personales voluntariamente. Si registra una cuenta con nosotros debe proporcionarnos su direcci\u00f3n de correo electr\u00f3nico. Tambi\u00e9n puede elegir proporcionar su nombre, direcci\u00f3n y n\u00famero de tel\u00e9fono. Tambi\u00e9n pueden ser necesarios datos personales adicionales, dependiendo de los servicios que DATA INTELIGENTE S.A.S. ofrece y que desea utilizar. Los datos personales que se le piden que proporcione, y los motivos por los que se le solicita que los proporcione, le ser\u00e1n aclarados en el momento en que le solicitemos que proporcione sus datos personales.<\/p>\n<p>El USUARIO reconoce que ha sido informado de los derechos que le asisten en su calidad de titular de Datos Personales.<\/p>\n<p>Responsable del manejo de Datos<\/p>\n<p>Raz\u00f3n social: DATA INTELIGENTE S.A.S.<\/p>\n<p>Domicilio: Bogot\u00e1 D.C., Colombia.<\/p>\n<p>Correo electr\u00f3nico: (CREAR UNA DIRECCION DE EMAIL PARA ATENDER TEMAS RELACIONADOS CON MANEJO DE DATOS pej: infodatos@datainteligente.com)<\/p>\n<ol start=\"2\">\n<li><strong>Sus derechos<\/strong><\/li>\n<\/ol>\n<p>De acuerdo con lo establecido en el art\u00edculo 8\u00ba. De la Ley 1581 de 2012 y el cap\u00edtulo 25 del Decreto 1074 de 2015, el Titular de los datos personales tiene los siguientes derechos:<\/p>\n<ol start=\"2\">\n<li>a) Conocer, actualizar y rectificar sus datos personales frente a DATA INTELIGENTE S.A.S, en su calidad de Responsable del Tratamiento. Este derecho podr\u00e1 ejercerlo frente a datos parciales, inexactos, incompletos, fraccionados, que induzcan a error, o aquellos cuyo tratamiento est\u00e9 expresamente prohibido o no haya sido autorizado. b) Solicitar prueba de la autorizaci\u00f3n otorgada a DATA INTELIGENTE S.A.S., en su calidad de Responsable del Tratamiento, salvo cuando expresamente se except\u00fae como requisito para el Tratamiento, de conformidad con lo establecido en el art\u00edculo 10 de la Ley 1581 de 2012 (o en las normas que la reglamenten, adicionen, complementen, modifiquen o deroguen), o cuando se haya presentado la continuidad del tratamiento seg\u00fan lo previsto en el numeral 4\u00b0 del art\u00edculo 2.2.2.25.2.7 del Decreto 1074 de 2015. c) Ser informado por DATA INTELIGENTE S.A.S, previa solicitud, respecto del uso que le ha dado a sus datos personales; d) Presentar ante la Superintendencia de Industria y Comercio quejas por infracciones a lo dispuesto en la Ley 1581 de 2012, una vez haya agotado el tr\u00e1mite de consulta o reclamo ante DATA INTELIGENTE S.A.S. e) Revocar la autorizaci\u00f3n y\/o solicitar la supresi\u00f3n del dato cuando en el Tratamiento no se respeten los principios, derechos y garant\u00edas constitucionales y legales. La revocatoria y\/o supresi\u00f3n proceder\u00e1 cuando la Superintendencia de Industria y Comercio haya determinado que en el Tratamiento el Responsable o Encargado han incurrido en conductas contrarias a la ley y la Constituci\u00f3n. f) Acceder en forma gratuita a sus datos personales que hayan sido objeto de Tratamiento.<\/li>\n<\/ol>\n<p>Tenga en cuenta que los Sitios web contienen v\u00ednculos a terceros externos (banners publicitarios, por ejemplo) y que los v\u00ednculos se pueden nombrar en las Contribuciones. Si abre estos v\u00ednculos, estar\u00e1 en el sitio web de terceros, en cuya pol\u00edtica de protecci\u00f3n de datos y medidas de seguridad DATA INTELIGENTE S.A.S no puede influir.<\/p>\n<ol start=\"3\">\n<li><strong>Procedimiento para ejercer los derechos del titular de los datos.<\/strong><\/li>\n<\/ol>\n<p><strong>3.1.<\/strong> Procedimiento para acceso y consulta.<\/p>\n<p>El Titular de los datos o sus causahabientes podr\u00e1n consultar la informaci\u00f3n contenida en la base de datos de DATA INTELIGENTE S.A.S. con el fin de poder consultar dicha informaci\u00f3n deber\u00e1 enviar la solicitud al correo electr\u00f3nico infodatos@datainteligente.com.<\/p>\n<p>La consulta ser\u00e1 atendida en un t\u00e9rmino m\u00e1ximo de quince (15) d\u00edas h\u00e1biles contados a partir de la fecha de recibo.<\/p>\n<p><strong>3.2.<\/strong> Procedimiento para solicitar actualizaci\u00f3n, correcci\u00f3n, supresi\u00f3n, revocatoria de la autorizaci\u00f3n o para presentar reclamos<\/p>\n<p>El Titular, o sus causahabientes, que consideren que la informaci\u00f3n contenida en las base de datos debe ser objeto de correcci\u00f3n, actualizaci\u00f3n o supresi\u00f3n, o cuando adviertan el presunto incumplimiento de cualquiera de los deberes contenidos en esta ley, podr\u00e1n presentar un reclamo ante DATA INTELIGENTE S.A.S., el cual ser\u00e1 tramitado bajo las siguientes reglas, de conformidad con el art\u00edculo 15 de la ley 1581 de 2012: a) El reclamo se formular\u00e1 mediante solicitud que puede ser enviada al correo <a href=\"mailto:infodatos@datainteligente.com\">infodatos@datainteligente.com<\/a>. b) Para evitar que terceros no autorizados accedan a la informaci\u00f3n personal del Titular de los datos, ser\u00e1 necesario previamente establecer la identificaci\u00f3n del Titular. Cuando la solicitud sea formulada por persona distinta del Titular y no se acredite que la misma act\u00faa en representaci\u00f3n de aqu\u00e9l, se tendr\u00e1 por no presentada. c) La solicitud debe contener la siguiente informaci\u00f3n: (i) La identificaci\u00f3n del Titular. (ii) Los datos de contacto (direcci\u00f3n f\u00edsica y\/o electr\u00f3nica y tel\u00e9fonos de contacto). (iii) Los documentos que acrediten la identidad del Titular, o la representaci\u00f3n de su representante. (iv) La descripci\u00f3n clara y precisa de los datos personales respecto de los cuales el Titular busca ejercer alguno de los derechos. (v) La descripci\u00f3n de los hechos que dan lugar al reclamo. (vi) Los documentos que se quiera hacer valer. (vii) Firma, n\u00famero de identificaci\u00f3n y huella. (viii) Radicaci\u00f3n en original. d) Si el reclamo resulta incompleto, DATA INTELIGENTE S.A.S. requerir\u00e1 al interesado dentro de los cinco (5) d\u00edas siguientes a la recepci\u00f3n del reclamo para que subsane las fallas. Transcurridos dos (2) meses desde la fecha del requerimiento, sin que el solicitante presente la informaci\u00f3n requerida, se entender\u00e1 que ha desistido del reclamo. e) Una vez recibido el reclamo completo, se incluir\u00e1 en la base de datos una leyenda que diga \u201creclamo en tr\u00e1mite\u201d y el motivo del mismo, en un t\u00e9rmino no mayor a dos (2) d\u00edas h\u00e1biles. Dicha leyenda deber\u00e1 mantenerse hasta que el reclamo sea decidido. g) El t\u00e9rmino m\u00e1ximo para atender el reclamo ser\u00e1 de quince (15) d\u00edas h\u00e1biles contados a partir del d\u00eda siguiente a la fecha de su recibo. Cuando no fuere posible atender el reclamo dentro de dicho t\u00e9rmino, se informar\u00e1 al interesado los motivos de la demora y la fecha en que se atender\u00e1 su reclamo, la cual en ning\u00fan caso podr\u00e1 superar los ocho (8) d\u00edas h\u00e1biles siguientes al vencimiento del primer t\u00e9rmino.<\/p>\n<p>3.3. Supresi\u00f3n de Datos<\/p>\n<p>El Titular tiene el derecho a solicitar a DATA INTELIGENTE S.A.S. la supresi\u00f3n (eliminaci\u00f3n) de sus datos personales y en especial cuando: a) Considere que los mismos no est\u00e1n siendo tratados conforme a los principios, deberes y obligaciones previstas en la Ley 1581 de 2012. b) Hayan dejado de ser necesarios o pertinentes para la finalidad para la cual fueron recolectados. c) Se haya superado el periodo necesario para el cumplimiento de los fines para los que fueron recolectados. Esta supresi\u00f3n implica la eliminaci\u00f3n total o parcial de la informaci\u00f3n personal de acuerdo con lo solicitado por el Titular en los registros, archivos, bases de datos o tratamientos realizados por DATA INTELIGENTE S.A.S. Es importante tener en cuenta que el derecho de cancelaci\u00f3n no es absoluto y el responsable puede negar el ejercicio del mismo cuando: (i) La solicitud de supresi\u00f3n de la informaci\u00f3n no proceder\u00e1 cuando el Titular tenga un deber legal o contractual de permanecer en la base de datos. (ii) La eliminaci\u00f3n de datos obstaculice actuaciones judiciales o administrativas vinculadas a obligaciones fiscales, la investigaci\u00f3n y persecuci\u00f3n de delitos o la actualizaci\u00f3n de sanciones administrativas. (iii) Los datos sean necesarios para proteger los intereses jur\u00eddicamente tutelados del Titular, para realizar una acci\u00f3n en funci\u00f3n del inter\u00e9s p\u00fablico, o para cumplir con una obligaci\u00f3n legalmente adquirida por el Titular.<\/p>\n<p>3.4. Revocatoria de la Autorizaci\u00f3n.<\/p>\n<p>El Titular de los datos personales puede revocar el consentimiento al Tratamiento de sus datos personales en cualquier momento, siempre y cuando no lo impida una disposici\u00f3n legal.<\/p>\n<ol start=\"4\">\n<li><strong>Seguridad<\/strong><\/li>\n<\/ol>\n<p>Los Sitios web utilizan una serie de precauciones de seguridad t\u00e9cnicas y organizativas para proteger los Sitios web y contra el acceso no autorizado de terceros a sus datos con el fin de proteger la informaci\u00f3n de los Titulares e impedir adulteraci\u00f3n, p\u00e9rdida, consulta, uso o acceso no autorizado o fraudulento. El acceso a los datos personales est\u00e1 restringido a sus Titulares y DATA INTELIGENTE S.A.S. no permitir\u00e1 el acceso a esta informaci\u00f3n por parte de terceros, a excepci\u00f3n de un pedido expreso del Titular de los datos o personas legitimadas de conformidad con la normatividad nacional.<\/p>\n<p>Sin embargo, a pesar de las altas precauciones de seguridad, no se puede descartar la posibilidad de que terceros no autorizados puedan obtener acceso a los datos personales sin permiso.<\/p>\n<ol start=\"5\">\n<li><strong>Vigencia de la Pol\u00edtica<\/strong><\/li>\n<\/ol>\n<p>DATA INTELIGENTE S.A.S. cuenta con una Pol\u00edtica de Tratamiento de Datos desde el a\u00f1o 2021. Cualquier cambio sustancial en esta pol\u00edtica ser\u00e1 dado a conocer mediante un anuncio en la p\u00e1gina web www._______. El t\u00e9rmino de las autorizaciones sobre el uso de los datos personales se entiende por el t\u00e9rmino de la relaci\u00f3n comercial o de la vinculaci\u00f3n al servicio y durante el ejercicio del objeto social de la compa\u00f1\u00eda, salvo aquellos casos en los que la ley disponga un t\u00e9rmino distinto.<\/p>\n<ol start=\"6\">\n<li><strong>Actualizaciones a este aviso de privacidad<\/strong><\/li>\n<\/ol>\n<p><strong>\u00a0<\/strong>Podemos actualizar este aviso de Privacidad de vez en cuando en respuesta a cambios en los desarrollos legales, t\u00e9cnicos o comerciales. Cuando actualicemos nuestro aviso de privacidad, tomaremos las medidas adecuadas para informarle, de acuerdo con la importancia de los cambios que realicemos. Obtendremos su consentimiento a cualquier cambio importante en el aviso de privacidad si as\u00ed lo exigen las leyes de protecci\u00f3n de datos aplicables.<\/p>\n<p>Puede ver cu\u00e1ndo se actualiz\u00f3 por \u00faltima vez este aviso de privacidad marcando la fecha de \u201c\u00faltima actualizaci\u00f3n\u201d que se muestra en la parte superior de este aviso de privacidad.<\/p>\n<ol start=\"7\">\n<li><strong>C\u00f3mo ponerse en contacto con nosotros<\/strong><\/li>\n<\/ol>\n<p>Si tiene alguna pregunta o cuesti\u00f3n p\u00f3ngase en contacto con nosotros <a href=\"mailto:infodatos@datainteligente.com\">infodatos@datainteligente.com<\/a><\/p>\n","protected":false},"excerpt":{"rendered":"<p>Protecci\u00f3n de Datos Personales El USUARIO autoriza de manera previa, expresa e informada a DATA INTELIGENTE S.A.S. para el Tratamiento sobre sus datos personales, as\u00ed como la recepci\u00f3n de informaci\u00f3n comercial asociada o relacionada con el objeto social de DATA INTELIGENTE S.A.S., entendido como cualquier informaci\u00f3n vinculada o que pueda asociarse al USUARIO (los \u201cDatos [&hellip;]<\/p>\n","protected":false},"author":1,"featured_media":0,"parent":0,"menu_order":0,"comment_status":"closed","ping_status":"closed","template":"template\/template-page.php","meta":{"footnotes":""},"class_list":["post-748","page","type-page","status-publish","hentry"],"_links":{"self":[{"href":"https:\/\/cle.com.co\/portal\/wp-json\/wp\/v2\/pages\/748","targetHints":{"allow":["GET"]}}],"collection":[{"href":"https:\/\/cle.com.co\/portal\/wp-json\/wp\/v2\/pages"}],"about":[{"href":"https:\/\/cle.com.co\/portal\/wp-json\/wp\/v2\/types\/page"}],"author":[{"embeddable":true,"href":"https:\/\/cle.com.co\/portal\/wp-json\/wp\/v2\/users\/1"}],"replies":[{"embeddable":true,"href":"https:\/\/cle.com.co\/portal\/wp-json\/wp\/v2\/comments?post=748"}],"version-history":[{"count":1,"href":"https:\/\/cle.com.co\/portal\/wp-json\/wp\/v2\/pages\/748\/revisions"}],"predecessor-version":[{"id":17774,"href":"https:\/\/cle.com.co\/portal\/wp-json\/wp\/v2\/pages\/748\/revisions\/17774"}],"wp:attachment":[{"href":"https:\/\/cle.com.co\/portal\/wp-json\/wp\/v2\/media?parent=748"}],"curies":[{"name":"wp","href":"https:\/\/api.w.org\/{rel}","templated":true}]}}